{"id":28,"date":"2015-12-14T14:27:19","date_gmt":"2015-12-14T13:27:19","guid":{"rendered":"http:\/\/dammwild.net\/w\/?page_id=28"},"modified":"2024-01-03T14:50:52","modified_gmt":"2024-01-03T13:50:52","slug":"verein","status":"publish","type":"page","link":"http:\/\/dammwild.net\/w\/verein\/","title":{"rendered":"Verein"},"content":{"rendered":"<p>Die Studentische Selbstverwaltung Spandauer Damm e.V. ist ein 1995 unter der Schirmherrschaft der Wohnheimsverwaltung des Studentenwerkes Berlin gegr\u00fcndeter Verein, der sich ausschlie\u00dflich aus Bewohnern des Wohnheimes Spandauer Damm zusammensetzt.<\/p>\n<p>Der Verein (kurz: SV) ist Betreiber der Waschbar und des Partykellers und gestaltet somit das Zusammenleben im Wohnheim f\u00fcr und mit den Bewohnern. Im \u00dcbrigen arbeitet die SV eng mit der Wohnheimsverwaltung zusammen und k\u00fcmmert sich um das allgemeine harmonische Miteinander der Bewohner, sowie um die sich auch auf dem Gel\u00e4nde befindlichen Einrichtungen, wie das Beachvolleyballfeld und den Tischtennisbereich.<\/p>\n<p>Dar\u00fcberhinaus werden durch den Verein Bierb\u00e4nke, Werkzeuge und Spiele, wie ein Badminton-Set, Tischtenniskellen und auch Brettspiele zum Verleih angeboten.<\/p>\n<p>Bei Interesse Mitglied zu werden, um bei der Vereinswahl teilnehmen zu d\u00fcrfen, kann der ausgef\u00fcllte Mitgliedsantrag per email an die SV geschickt&nbsp; sv.spandauerdamm@googlemail.com oder in den Briefkasten im Haus 136 eingeworfen werden.<\/p>\n<hr>\n\n\n<div class=\"wp-block-file aligncenter\"><a href=\"http:\/\/dammwild.net\/w\/wp-content\/uploads\/2020\/12\/Satzung042017.pdf\">Satzung 04\/2017<\/a><a href=\"http:\/\/dammwild.net\/w\/wp-content\/uploads\/2020\/12\/Satzung042017.pdf\" class=\"wp-block-file__button\" download>Download<\/a><\/div>\n\n\n\n<div class=\"wp-block-file aligncenter\"><a href=\"http:\/\/dammwild.net\/w\/wp-content\/uploads\/2021\/04\/Mitgliedsantrag.pdf\">Mitgliedsantrag<\/a><a href=\"http:\/\/dammwild.net\/w\/wp-content\/uploads\/2021\/04\/Mitgliedsantrag.pdf\" class=\"wp-block-file__button\" download>Download<\/a><\/div>\n\n\n\n<hr class=\"wp-block-separator is-style-wide\"\/>\n\n\n\n<p><\/p>\n\n\n\n<p class=\"has-large-font-size\">Vorstand<\/p>\n\n\n\n<p>Alle k\u00f6nnen sich in der SV jederzeit einbringen, ob durch einen Posten im Vorstand oder ohne. Wir sind st\u00e4ndig auf der Suche nach motivierten Leuten, die uns bei Partys, Technik, Organisatorischem oder sonstigen T\u00e4tigkeiten helfen, oder die einfach gute Ideen f\u00fcr Veranstaltungen haben. Kommt gerne auf uns zu. <\/p>\n\n\n\n<p>Die Wahl eines Vorstands ist jedoch formale Voraussetzung f\u00fcr jeden eingetragenen Verein. In diesem Gremium werden zum Beispiel Beschl\u00fcsse \u00fcber die Verwendungn unserer finanziellen Mittel gefasst. Um dabei m\u00f6glichst viele Leute ins Boot zu holen, gibt es so viele Posten. Die Vorstandswahlen finden jedes Semester als Teil der Vollversammlung statt. Als Bewohner und Bewohnerinnen unseres Wohnheims seid ihr herzlich eingeladen, daran teilzunehmen!<\/p>\n\n\n\n<p><br><strong>Der Vorstand setzt sich aus 4 verschiedenen Organen zusammen<\/strong>:<\/p>\n\n\n\n<ul class=\"wp-block-list\"><li>Zwei SV-Sprecher, die den Verein gesetzlich vertreten (Vorstand i.S.d. BGB)<\/li><li>Zwei Kassenwarte, die sich um die Finanzen, Buchhaltung, Steuererkl\u00e4rung etc. k\u00fcmmern<\/li><li>Bis zu f\u00fcnf Haussprecher, die jeweils ein Haus vertreten<\/li><li>Bis zu drei Beisitzer, die ebenso voll stimmberechtigt sind<\/li><\/ul>\n\n\n\n<p>Alle Mitglieder des Vorstands genie\u00dfen das gleiche Stimmrecht.<\/p>\n\n\n\n<p><strong>Kassenpr\u00fcfer<\/strong>&#8230;<\/p>\n\n\n\n<p>werden zus\u00e4tzlich gew\u00e4hlt. Sie \u00fcberpr\u00fcfen am Ende des Semesters die Buchf\u00fchrung und ob die Ausgaben des Vereins satzungskonform waren. Sie sind unabh\u00e4ngig vom Vorstand und geh\u00f6ren ihm nicht an. Der Vorstand ist ihnen zur Auskunft verpflichtet. Das Ergebnis der Kassenpr\u00fcfung wird in einem kurzen Bericht zusammengefasst. Aus diesem Bericht ergibt sich eine Empfehlung f\u00fcr oder gegen die Entlastung des Vorstands bei der n\u00e4chsten Vollversammlung. Dort wird dann \u00fcber die Entlastung abgestimmt.<\/p>\n\n\n\n<p>Insbesondere f\u00fcr diese wichtige Aufgabe suchen wir jedes Semester Freiwillige!<\/p>\n\n\n\n<p>Wenn Du dich gerne als Kassenpr\u00fcfer, im Vorstand oder anderweitig engagieren w\u00fcrdest, komm einfach zur n\u00e4chsten Vollversammlung zu Beginn des n\u00e4chsten Semesters\u00a0in den Partykeller im <strong>Haus 134<\/strong> oder sprich uns einfach an.<\/p>\n","protected":false},"excerpt":{"rendered":"<p>Die Studentische Selbstverwaltung Spandauer Damm e.V. ist ein 1995 unter der Schirmherrschaft der Wohnheimsverwaltung des Studentenwerkes Berlin gegr\u00fcndeter Verein, der sich ausschlie\u00dflich aus Bewohnern des Wohnheimes Spandauer Damm zusammensetzt. Der Verein (kurz: SV) ist Betreiber der Waschbar und des Partykellers<\/p>\n","protected":false},"author":1,"featured_media":0,"parent":0,"menu_order":0,"comment_status":"closed","ping_status":"closed","template":"","meta":{"footnotes":""},"class_list":["post-28","page","type-page","status-publish","hentry"],"_links":{"self":[{"href":"http:\/\/dammwild.net\/w\/wp-json\/wp\/v2\/pages\/28","targetHints":{"allow":["GET"]}}],"collection":[{"href":"http:\/\/dammwild.net\/w\/wp-json\/wp\/v2\/pages"}],"about":[{"href":"http:\/\/dammwild.net\/w\/wp-json\/wp\/v2\/types\/page"}],"author":[{"embeddable":true,"href":"http:\/\/dammwild.net\/w\/wp-json\/wp\/v2\/users\/1"}],"replies":[{"embeddable":true,"href":"http:\/\/dammwild.net\/w\/wp-json\/wp\/v2\/comments?post=28"}],"version-history":[{"count":16,"href":"http:\/\/dammwild.net\/w\/wp-json\/wp\/v2\/pages\/28\/revisions"}],"predecessor-version":[{"id":1196,"href":"http:\/\/dammwild.net\/w\/wp-json\/wp\/v2\/pages\/28\/revisions\/1196"}],"wp:attachment":[{"href":"http:\/\/dammwild.net\/w\/wp-json\/wp\/v2\/media?parent=28"}],"curies":[{"name":"wp","href":"https:\/\/api.w.org\/{rel}","templated":true}]}}